, 5, 31, 151
List the prime factors of 197976.
2, 3, 73, 113
List the prime factors of 300900.
2, 3, 5, 17, 59
What are the prime factors of 24305453?
24305453
List the prime factors of 129673.
31, 47, 89
What are the prime factors of 2793090?
2, 3, 5, 93103
What are the prime factors of 7183330?
2, 5, 7, 11, 19, 491
List the prime factors of 6152060.
2, 5, 29, 10607
List the prime factors of 2836079.
2836079
List the prime factors of 539325.
3, 5, 17, 47
List the prime factors of 2081536.
2, 47, 173
List the prime factors of 157903.
269, 587
List the prime factors of 489897.
3, 29, 1877
What are the prime factors of 172112?
2, 31, 347
What are the prime factors of 1471474?
2, 19, 38723
What are the prime factors of 540907?
540907
List the prime factors of 22442158.
2, 23, 487873
What are the prime factors of 219895?
5, 13, 17, 199
What are the prime factors of 5482854?
2, 3, 13, 23431
List the prime factors of 1219582.
2, 7, 13, 6701
List the prime factors of 9673719.
3, 11, 53, 5531
List the prime factors of 12966234.
2, 3, 1237, 1747
List the prime factors of 287917.
7, 41131
What are the prime factors of 1854711?
3, 73, 941
What are the prime factors of 672687?
3, 41, 1823
List the prime factors of 4031373.
3, 1343791
What are the prime factors of 1736033?
13, 133541
List the prime factors of 22876706.
2, 11438353
List the prime factors of 71849.
71849
List the prime factors of 765573.
3, 255191
List the prime factors of 3440044.
2, 860011
What are the prime factors of 120718?
2, 13, 4643
List the prime factors of 2391582.
2, 3, 199, 2003
What are the prime factors of 920069?
23, 109, 367
What are the prime factors of 1551896?
2, 17, 11411
What are the prime factors of 1056541?
1056541
List the prime factors of 3200943.
3, 1066981
List the prime factors of 5684988.
2, 3, 227, 2087
List the prime factors of 461125.
5, 7, 17, 31
What are the prime factors of 3606191?
89, 40519
List the prime factors of 40820.
2, 5, 13, 157
List the prime factors of 2099219.
2099219
What are the prime factors of 51545?
5, 13, 61
List the prime factors of 4023446.
2, 7, 59, 4871
List the prime factors of 884181.
3, 29, 10163
What are the prime factors of 11605882?
2, 1759, 3299
List the prime factors of 16241614.
2, 8120807
What are the prime factors of 16499507?
41, 107, 3761
What are the prime factors of 3374149?
1693, 1993
What are the prime factors of 10215827?
17, 600931
List the prime factors of 114507.
3, 4241
What are the prime factors of 6543984?
2, 3, 136333
List the prime factors of 526266.
2, 3, 13, 173
List the prime factors of 83989.
47, 1787
What are the prime factors of 12507279?
3, 4169093
What are the prime factors of 252313?
252313
What are the prime factors of 1897451?
373, 5087
What are the prime factors of 165766?
2, 82883
What are the prime factors of 5490301?
5490301
List the prime factors of 3718189.
17, 218717
What are the prime factors of 9168277?
251, 36527
What are the prime factors of 2156817?
3, 13, 29, 1907
List the prime factors of 3776002.
2, 23, 43, 83
What are the prime factors of 46938?
2, 3, 7823
List the prime factors of 1072102.
2, 536051
List the prime factors of 226977.
3, 75659
What are the prime factors of 353250?
2, 3, 5, 157
List the prime factors of 358396.
2, 89599
List the prime factors of 2964020.
2, 5, 148201
What are the prime factors of 479148?
2, 3, 39929
List the prime factors of 356842.
2, 67, 2663
What are the prime factors of 1035070?
2, 5, 89, 1163
List the prime factors of 540647.
29, 103, 181
What are the prime factors of 4943273?
4943273
What are the prime factors of 492515?
5, 137, 719
What are the prime factors of 12851780?
2, 5, 313, 2053
List the prime factors of 2255802.
2, 3, 375967
List the prime factors of 206578.
2, 103289
List the prime factors of 5530773.
3, 1843591
What are the prime factors of 2858076?
2, 3, 13, 31, 197
What are the prime factors of 27293148?
2, 3, 607, 1249
What are the prime factors of 5238457?
7, 23, 32537
What are the prime factors of 8839893?
3, 239, 12329
What are the prime factors of 576276?
2, 3, 48023
What are the prime factors of 8184873?
3, 29, 94079
What are the prime factors of 2098317?
3, 13, 173, 311
List the prime factors of 7476977.
457, 16361
List the prime factors of 4416185.
5, 883237
What are the prime factors of 1109997?
3, 7, 839
List the prime factors of 24560792.
2, 241, 12739
What are the prime factors of 124596?
2, 3, 3461
List the prime factors of 7355532.
2, 3, 79, 7759
What are the prime factors of 14873354?
2, 167, 44531
What are the prime factors of 13463100?
2, 3, 5, 7, 2137
List the prime factors of 1953278.
2, 976639
What are the prime factors of 18182280?
2, 3, 5, 277, 547
List the prime factors of 4032269.
4032269
What are the prime factors of 2734124?
2, 167, 4093
What are the prime factors of 3364951?
3364951
List the prime factors of 437053.
17, 47, 547
What are the prime factors of 65656?
2, 29, 283
What are the prime factors of 363119?
363119
What are the prime factors of 8610634?
2, 331, 13007
What are the prime factors of 6943670?
2, 5, 694367
List the prime factors of 7695819.
3, 127, 6733
List the prime factors of 506892.
2, 3, 53, 797
List the prime factors of 415278.
2, 3, 23071
List the prime factors of 117623.
11, 17, 37
List the prime factors of 780784.
2, 48799
List the prime factors of 254420.
2, 5, 12721
List the prime factors of 116402.
2, 11, 13, 37
What are the prime factors of 521393?
521393
List the prime factors of 1186227.
3, 7, 19, 991
List the prime factors of 5246354.
2, 991, 2647
What are the prime factors of 82908?
2, 3, 7, 47
What are the prime factors of 15972024?
2, 3, 665501
What are the prime factors of 406329?
3, 7, 11, 1759
List the prime factors of 22211697.
3, 7403899
List the prime factors of 255677.
167, 1531
What are the prime factors of 300350?
2, 5, 6007
List the prime factors of 160889.
349, 461
List the prime factors of 224719.
11, 31, 659
What are the prime factors of 43852?
2, 19, 577
What are the prime factors of 125417?
167, 751
List the prime factors of 1037577.
3, 349, 991
What are the prime factors of 404119?
404119
List the prime factors of 1929416.
2, 241177
List the prime factors of 3109319.
3109319
What are the prime factors of 56640?
2, 3, 5, 59
What are the prime factors of 2767593?
3, 922531
What are the prime factors of 461218?
2, 31, 43, 173
List the prime factors of 3169586.
2, 7, 47, 4817
What are the prime factors of 2364982?
2, 1182491
List the prime factors of 51522.
2, 3, 31, 277
List the prime factors of 500827.
181, 2767
List the prime factors of 4444715.
5, 11, 211, 383
List the prime factors of 32195.
5, 47, 137
List the prime factors of 982444.
2, 79, 3109
List the prime factors of 2435749.
2435749
What are the prime factors of 24699084?
2, 3, 199, 10343
What are the prime factors of 10052819?
7, 71, 113, 179
List the prime factors of 3461699.
3461699
List the prime factors of 100849.
7, 14407
What are the prime factors of 4026828?
2, 3, 13, 83, 311
What are the prime factors of 701290?
2, 5, 19, 3691
List the prime factors of 822650.
2, 5, 16453
List the prime factors of 1816776.
2, 3, 13, 647
What are the prime factors of 1161036?
2, 3, 32251
List the prime factors of 91662.
2, 3, 15277
List the prime factors of 308253.
3, 11, 9341
List the prime factors of 31823056.
2, 1988941
List the prime factors of 1293028.
2, 11, 29387
List the prime factors of 31905459.
3, 3545051
What are the prime factors of 18994509?
3, 19, 113, 983
What are the prime factors of 28154013?
3, 9384671
List the prime factors of 8157842.
2, 7, 11, 52973
What are the prime factors of 3190462?
2, 11, 145021
List the prime factors of 73225.
5, 29, 101
What are the prime factors of 3211478?
2, 1605739
List the prime factors of 822235.
5, 164447
List the prime factors of 18106.
2, 11, 823
What are the prime factors of 1476620?
2, 5, 17, 43, 101
What are the prime factors of 7602528?
2, 3, 79193
List the prime factors of 10719073.
10719073
What are the prime factors of 1277903?
11, 23, 5051
List the prime factors of 1063869.
3, 53, 6691
What are the prime factors of 72236?
2, 18059
List the prime factors of 15069809.
15069809
What are the prime factors of 317133?
3, 167, 211
List the prime